 -1526*o + 144383. Give g(94).
939
Let o(v) = 2*v**2 - 22391*v - 673528. Give o(-30).
2
Let z(c) = c**3 - 56*c**2 - 473*c - 88. Give z(-8).
-400
Let s(x) = 2279*x + 239393. Determine s(-105).
98
Let l(d) = 811*d + 4917. Give l(-7).
-760
Let k(n) = 94*n**2 + 25492*n - 72332. Give k(-274).
4
Let x(m) = -1325*m - 6490. Give x(-5).
135
Let g(y) = -12633*y - 214756. Calculate g(-17).
5
Let u(k) = 563*k + 8746. Determine u(-16).
-262
Let u(z) = -868*z - 2629. Determine u(-4).
843
Let b(l) = -4*l**3 - 337*l**2 - 93*l - 206. Calculate b(-84).
550
Let p(x) = 276*x - 13696. Give p(51).
380
Let o(r) = -7*r**3 + 2*r**2 + 11*r - 65. What is o(3)?
-203
Let v(d) = -d**3 - d**2 - 310*d + 34. Give v(0).
34
Let y(q) = -574*q - 46432. What is y(-81)?
62
Let g(k) = -16*k**2 + 273*k + 3908. Calculate g(26).
190
Let o(d) = -4*d**2 - 8119*d - 80822. Give o(-10).
-32
Let c(a) = -2*a**3 - 45*a**2 - 145*a - 77. Calculate c(-19).
151
Let p(k) = k**2 - 101*k - 2122. Give p(-21).
440
Let i(r) = -2123*r + 53093. Give i(25).
18
Let a(q) = -61*q**2 - 2288*q + 7418. Give a(3).
5
Let i(j) = -j**3 - 93*j**2 - 729*j + 1783. Determine i(-11).
-120
Let p(x) = -3*x**2 + 226*x + 721. Calculate p(79).
-148
Let a(u) = -4*u**2 - 458*u - 13025. What is a(-53)?
13
Let w(o) = 4*o**3 - 6*o**2 - 174*o + 48. What is w(9)?
912
Let p(r) = 2*r**2 - 851*r - 110798. Determine p(530).
-28
Let l(a) = 44*a**3 - 3079*a**2 - 156*a + 6017. Calculate l(70).
-3
Let q(n) = -4*n**3 + 10*n**2 + 7651*n + 7640. Give q(-1).
3
Let i(m) = -5*m**2 - 3676*m - 338693. Determine i(-108).
-5
Let b(o) = 3*o**3 + 82*o**2 + 36609*o + 987722. What is b(-27)?
8
Let a(j) = 12*j**3 + 22*j + 65. Give a(-4).
-791
Let t(g) = 2*g**3 + 64*g**2 + 334*g - 376. Determine t(-8).
24
Let o(d) = -210439*d + 3367021. What is o(16)?
-3
Let m(g) = -74*g**2 + 296*g - 585. Determine m(2).
-289
Let b(h) = -71*h**2 + 1393*h + 175. Give b(19).
1011
Let g(j) = 3*j**3 - 648*j**2 + 678*j - 7150. Give g(215).
-55
Let j(h) = 348*h - 5471. Give j(16).
97
Let b(s) = -4*s**3 - 105*s**2 - 104*s + 1015. Determine b(-4).
7
Let q(r) = -2*r**2 + 10*r + 86. Calculate q(33).
-1762
Let b(i) = 14*i**2 + 2843*i - 2529. Determine b(-204).
123
Let j(r) = 2*r**3 - 87*r**2 - 207*r + 254. Determine j(46).
1312
Let a(p) = 63962*p + 6652043. What is a(-104)?
-5
Let c(i) = 3884*i - 1169081. Calculate c(301).
3
Let p(b) = 761*b**2 - 181112*b - 1409. Calculate p(238).
19
Let w(n) = 8*n**2 + 2397*n + 9605. What is w(-4)?
145
Let b(s) = -4537*s - 40883. Calculate b(-9).
-50
Let u(d) = 4*d**3 + 8*d**2 + 269*d + 1859. Determine u(-6).
-331
Let n(a) = 896*a - 5049. Give n(6).
327
Let l(b) = 2*b**3 + 20*b**2 - 21*b - 148. Give l(-11).
-159
Let a(p) = 33*p**3 - 24*p**2 - 69*p + 18. Give a(-2).
-204
Let u(p) = -56*p**2 - 4604*p + 28532. What is u(-88)?
20
Let v(r) = -4105*r - 69780. Determine v(-17).
5
Let z(k) = -k**2 + 5741*k + 412553. Give z(-71).
-99
Let k(z) = 19549*z - 234886. Calculate k(12).
-298
Let g(b) = 34*b**2 + 619*b + 17. Calculate g(-15).
-1618
Let a(o) = 10*o**2 + 623*o + 2864. Determine a(-5).
-1
Let k(x) = 30*x**2 - 64*x - 215. Give k(-2).
33
Let w(y) = -42*y**2 + 1554*y - 20. Give w(37).
-20
Let m(i) = i**3 + 56*i**2 - 588*i - 24252. What is m(-59)?
-3
Let m(l) = 3*l**2 - 354*l - 2653. Determine m(125).
-28
Let a(c) = -229*c**2 + 2*c - 31. What is a(2)?
-943
Let k(a) = 69765*a + 1186032. Give k(-17).
27
Let d(c) = 2*c**3 - 67*c**2 + 237*c - 7640. Calculate d(33).
-908
Let q(g) = g**3 + 281*g**2 + 87*g + 24470. Give q(-281).
23
Let o(d) = -d**2 + 71*d + 55153. Calculate o(-202).
7
Let l(o) = -29850*o - 209076. Calculate l(-7).
-126
Let z(w) = -14*w**2 + 2636*w - 70510. Determine z(156).
2
Let t(r) = -r**2 + 9662*r - 1445478. What is t(152)?
42
Let p(h) = -h**3 - 97*h**2 - 438*h - 62926. Give p(-99).
38
Let z(r) = 418*r**2 + 3500*r + 1261. Determine z(-8).
13
Let l(s) = s**2 - 36*s - 5157. What is l(-58)?
295
Let f(v) = -2*v + 1311. Determine f(6).
1299
Let s(n) = -n**3 + 48*n**2 + 411*n - 1049. Calculate s(56).
-3121
Let d(c) = -c**2 - 622381*c - 7468433. Calculate d(-12).
-5
Let w(x) = x**2 - 356*x + 21069. Determine w(91).
-3046
Let i(f) = -11349*f + 192981. Give i(17).
48
Let g(p) = -25191*p - 51591173. Give g(-2048).
-5
Let c(d) = -d**3 - 12*d**2 + 59*d + 90. What is c(-15)?
-120
Let n(m) = 788*m**2 + 9457*m + 2. What is n(-12)?
-10
Let k(v) = -5*v**2 + 6*v - 81. Determine k(7).
-284
Let f(i) = i**3 - 89*i**2 - 774*i - 9. Give f(97).
185
Let l(f) = -f**2 + 685*f + 25940. Give l(-36).
-16
Let b(t) = -2*t**2 - 91*t - 409. Give b(-40).
31
Let y(x) = -x**3 - 8*x**2 - 154*x - 1697. Determine y(-10).
43
Let s(a) = -a**3 + 3*a**2 - 107*a + 565. Calculate s(5).
-20
Let j(t) = -t**3 + 7*t**2 + 7237*t - 57635. Give j(8).
197
Let g(n) = n**3 + 33*n**2 - 815*n + 480. Determine g(16).
-16
Let w(c) = 6*c**3 + 14*c**2 + 4*c + 82. What is w(0)?
82
Let o(k) = 822*k**3 + 17*k**2 + 36*k + 8. Calculate o(-2).
-6572
Let a(p) = 59*p**2 - 5595*p - 413. Calculate a(95).
537
Let m(u) = 4903*u + 4033. Calculate m(-1).
-870
Let r(j) = 1936*j - 17428. Give r(9).
-4
Let a(g) = -13912*g - 41658. Calculate a(-3).
78
Let m(y) = -610*y + 101615. Determine m(167).
-255
Let j(l) = l**2 + 38*l - 2401. Give j(-74).
263
Let u(r) = -2*r**2 + 6043*r + 4044455. Calculate u(-564).
11
Let a(n) = 14*n**3 - 11*n + 102. Give a(0).
102
Let w(c) = 16279*c + 19551074. Give w(-1201).
-5
Let t(v) = 66*v**2 + 137*v + 504. Give t(-3).
687
Let i(t) = 5*t**2 - 318*t + 718. Give i(62).
222
Let a(f) = 62*f**2 - 868*f - 14. Determine a(14).
-14
Let h(k) = k**3 + 71*k**2 - 715*k - 73. What is h(9)?
-28
Let m(i) = -3*i**3 + 37*i**2 - 982*i + 4366. What is m(5)?
6
Let r(l) = 1339*l - 68368. Give r(52).
1260
Let t(j) = 298*j - 17811. Calculate t(59).
-229
Let q(x) = x**3 - 157*x**2 - 2178*x + 101. Determine q(-13).
-315
Let w(c) = -3947*c - 15746. Calculate w(-4).
42
Let n(q) = -q**3 - 8*q**2 + 34*q + 241. Determine n(-6).
-35
Let w(g) = -10*g**2 - 1386*g + 600. What is w(-139)?
44
Let q(l) = l**3 + 62*l**2 - 717*l - 29. Calculate q(10).
1
Let q(s) = -8*s**2 - 320*s + 7183. What is q(16)?
15
Let q(f) = 3*f**3 + 83*f**2 + 62*f + 171. Determine q(-27).
-45
Let g(o) = -2*o**3 - 5*o**2 - 516*o - 1533. What is g(-3)?
24
Let d(m) = -680*m**2 - 1254*m - 7. What is d(-2)?
-219
Let a(r) = -6*r**3 - 313*r**2 + 9691*r - 220. Determine a(-74).
2
Let z(y) = -5*y**2 - 35696*y - 356452. What is z(-10)?
8
Let n(p) = 34*p**2 - 200*p - 385. Give n(-2).
151
Let w(t) = 6153*t + 12346. Determine w(-2).
40
Let b(d) = 7*d**2 + 7501*d - 353. What is b(0)?
-353
Let i(u) = -12*u**3 + 2038*u**2 + 337*u - 181. Determine i(170).
-691
Let t(j) = -5*j**2 + 110*j + 4878. Determine t(44).
38
Let s(c) = -c**3 - 21*c**2 - 19370*c - 367312. What is s(-19)?
-4
Let l(u) = -u**3 - 468*u**2 - 5040*u - 115. What is l(-11)?
28
Let m(h) = -30537*h + 32. Calculate m(0).
32
Let c(o) = -72737*o + 800167. Give c(11).
60
Let m(l) = -1328*l - 416875. Calculate m(-314).
117
Let z(f) = 2*f**3 - 173*f**2 - 439*f - 435. Give z(89).
99
Let g(v) = -v**3 - 32*v**2 - 234*v + 343. Calculate g(-16).
-9
Let h(u) = 53*u**2 - 1804*u - 10270. Determine h(39).
-13
Let o(m) = 39278*m + 275014. Calculate o(-7).
68
Let v(a) = -a**3 - 27*a**2 + 4215*a + 106628. What is v(-25)?
3
Let r(z) = 5*z**2 - 1386*z + 1392. What is r(1)?
11
Let d(y) = -1118*y + 133070. Determine d(119).
28
Let i(z) = -5*z**3 + 58*z**2 + 862*z - 10069. Determine i(12).
-13
Let g(t) = 3*t**2 + 764*t - 50001. What is g(54)?
3
Let d(u) = -u**2 + 170*u + 486878. Calculate d(-618).
-106
Let s(u) = -u**3 - 6*u**2 + 155*u - 417. What is s(4)?
43
Let h(n) = -27*n**3 - 484*n**2 + 37*n + 2. Determine h(-18).
-16
Let h(r) = r**3 - 38*r**2 + 92*r - 813. Give h(37).
1222
Let d(m) = -m**2 - 10116*m + 20230. Determine d(2).
-6
Let a(c) = -c**3 - 34*c**2 - 1331*c - 47749. Calculate a(-35).
61
Let l(p) = -p**2 - 134*p + 1091. What is l(9)?
-196
Let d(f) = 49193*f + 147284. Calculate d(-3).
-295
Let v(n) = -3828*n + 451696. Determine v(118).
-8
Let j(g) = 4570*g - 45684. What is j(10)?
16
Let v(m) = -239*m - 907. What is v(-5)?
288
Let q(l) = 21*l**3 + 313*l**2 - 355*l + 212. What is q(-16)?
4
Let x(d) = -d**2 + 518*d + 19107. Determine x(-32).
1507
Let k(i) = 3857*i + 273851. What is k(-71)?
4
Let z(j) = 9850*j + 1438102. G